{"id":306,"date":"2025-06-16T15:27:41","date_gmt":"2025-06-16T13:27:41","guid":{"rendered":"https:\/\/dis.coach\/?page_id=306"},"modified":"2025-07-04T16:28:53","modified_gmt":"2025-07-04T14:28:53","slug":"qui-sommes-nous","status":"publish","type":"page","link":"https:\/\/dis.coach\/?page_id=306","title":{"rendered":"Qui sommes-nous ?"},"content":{"rendered":"\n<h1 class=\"wp-block-heading\">Qui sommes-nous ? <\/h1>\n\n\n\n<p>Chez Discoach, on partage trois passions : le <strong>sport<\/strong>, la <strong>science<\/strong> et la <strong>technologie.<\/strong><br>Notre objectif ? Cr\u00e9er une application capable d<strong>\u2019analyser les entra\u00eenements et comp\u00e9tions<\/strong>, pour aider les joueurs et les coachs \u00e0 <strong>progresser<\/strong> concr\u00e8tement.<br>Derri\u00e8re le projet, une \u00e9quipe pluridisciplinaire qui m\u00e9lange expertise en communication, d\u00e9veloppement, IA et recherche scientifique.<\/p>\n\n\n\n<div class=\"wp-block-group alignfull has-global-padding is-layout-constrained wp-container-core-group-is-layout-190373c5 wp-block-group-is-layout-constrained\" style=\"margin-top:0;margin-bottom:0;padding-top:var(--wp--preset--spacing--50);padding-bottom:var(--wp--preset--spacing--50)\">\n<div class=\"wp-block-group alignwide has-global-padding is-content-justification-left is-layout-constrained wp-container-core-group-is-layout-12dd3699 wp-block-group-is-layout-constrained\">\n<div class=\"wp-block-columns is-layout-flex wp-container-core-columns-is-layout-28f84493 wp-block-columns-is-layout-flex\">\n<div class=\"wp-block-column is-layout-flow wp-block-column-is-layout-flow\"><\/div>\n\n\n\n<div class=\"wp-block-column is-layout-flow wp-block-column-is-layout-flow\"><\/div>\n\n\n\n<div class=\"wp-block-column is-layout-flow wp-block-column-is-layout-flow\"><\/div>\n<\/div>\n\n\n\n<h1 class=\"wp-block-heading has-x-large-font-size\"><strong>Notre \u00e9quipe<\/strong><\/h1>\n<\/div>\n<\/div>\n\n\n\n<div class=\"wp-block-columns is-layout-flex wp-container-core-columns-is-layout-28f84493 wp-block-columns-is-layout-flex\">\n<div class=\"wp-block-column is-layout-flow wp-block-column-is-layout-flow\">\n<figure class=\"wp-block-image size-full is-resized\"><img loading=\"lazy\" decoding=\"async\" width=\"200\" height=\"257\" src=\"https:\/\/dis.coach\/wp-content\/uploads\/2025\/07\/1.png\" alt=\"\" class=\"wp-image-347\" style=\"width:298px;height:auto\"\/><\/figure>\n\n\n\n<h2 class=\"wp-block-heading\">Julien Longhi<\/h2>\n\n\n\n<h3 class=\"wp-block-heading\">Responsable de l\u2019\u00e9tude &amp; fondateur du projet<\/h3>\n<\/div>\n\n\n\n<div class=\"wp-block-column is-layout-flow wp-block-column-is-layout-flow\">\n<figure class=\"wp-block-image size-full is-resized\"><img loading=\"lazy\" decoding=\"async\" width=\"200\" height=\"257\" src=\"https:\/\/dis.coach\/wp-content\/uploads\/2025\/07\/2.png\" alt=\"\" class=\"wp-image-349\" style=\"width:298px;height:auto\"\/><\/figure>\n\n\n\n<h2 class=\"wp-block-heading\">Sarah Belarbi<\/h2>\n\n\n\n<h3 class=\"wp-block-heading\">Stagiaire en communication<\/h3>\n<\/div>\n<\/div>\n\n\n\n<div class=\"wp-block-columns is-layout-flex wp-container-core-columns-is-layout-28f84493 wp-block-columns-is-layout-flex\">\n<div class=\"wp-block-column is-layout-flow wp-block-column-is-layout-flow\">\n<figure class=\"wp-block-image size-full is-resized\"><img loading=\"lazy\" decoding=\"async\" width=\"200\" height=\"257\" src=\"https:\/\/dis.coach\/wp-content\/uploads\/2025\/07\/3.png\" alt=\"\" class=\"wp-image-351\" style=\"width:298px;height:auto\"\/><\/figure>\n\n\n\n<h2 class=\"wp-block-heading\">Anis Kaci<\/h2>\n\n\n\n<h3 class=\"wp-block-heading\">Stagiaire en intelligence artificielle<\/h3>\n<\/div>\n\n\n\n<div class=\"wp-block-column is-layout-flow wp-block-column-is-layout-flow\">\n<figure class=\"wp-block-image size-full is-resized\"><img loading=\"lazy\" decoding=\"async\" width=\"200\" height=\"257\" src=\"https:\/\/dis.coach\/wp-content\/uploads\/2025\/07\/4.png\" alt=\"\" class=\"wp-image-352\" style=\"width:298px;height:auto\"\/><\/figure>\n\n\n\n<h2 class=\"wp-block-heading\">Loucas Terchani<\/h2>\n\n\n\n<h3 class=\"wp-block-heading\">Stagiaire IA &amp; d\u00e9veloppement web<\/h3>\n<\/div>\n<\/div>\n\n\n\n<hr class=\"wp-block-separator has-alpha-channel-opacity\"\/>\n\n\n\n<div style=\"height:37px\" aria-hidden=\"true\" class=\"wp-block-spacer\"><\/div>\n\n\n\n<h2 class=\"wp-block-heading\">Pourquoi le tennis de table ?<\/h2>\n\n\n\n<p>Parce que c\u2019est un sport rapide, strat\u00e9gique et exigeant\u2026 mais encore tr\u00e8s peu assist\u00e9 technologiquement.<\/p>\n\n\n\n<p>Le tennis de table, c\u2019est notre point de d\u00e9part. Il nous permet de tester l\u2019efficacit\u00e9 de notre IA dans un cadre pr\u00e9cis, avant d\u2019\u00e9largir \u00e0 d\u2019autres disciplines individuelles.<\/p>\n\n\n\n<div style=\"height:25px\" aria-hidden=\"true\" class=\"wp-block-spacer\"><\/div>\n\n\n\n<h2 class=\"wp-block-heading\">Comment \u00e7a marche ?<\/h2>\n\n\n\n<p>Discoach <strong>analyse les discours<\/strong> pour extraire les informations principales.\u00a0<\/p>\n\n\n\n<p>Notre intelligence artificielle identifie ces \u00e9l\u00e9ments pour <strong>g\u00e9n\u00e9rer un retour <\/strong>clair et exploitable, que ce soit pour un <strong>joueur d\u00e9butant <\/strong>ou un <strong>coach exp\u00e9riment\u00e9<\/strong>.<\/p>\n\n\n\n<p>Actuellement, nous sommes en phase de d\u2019analyse. L\u2019objectif est de collecter des discours en situation d\u2019entra\u00eenement et de comp\u00e9tition, de les analyser, et de les int\u00e9grer dans la base de donn\u00e9es de notre IA.<\/p>\n\n\n\n<p>Ces donn\u00e9es serviront \u00e0 affiner les algorithmes pour rendre l\u2019analyse toujours plus pr\u00e9cise et pertinente.<\/p>\n\n\n\n<div style=\"height:100px\" aria-hidden=\"true\" class=\"wp-block-spacer\"><\/div>\n","protected":false},"excerpt":{"rendered":"<p>Qui sommes-nous ? Chez Discoach, on partage trois passions : le sport, la science et la technologie.Notre objectif ? Cr\u00e9er une application capable d\u2019analyser les entra\u00eenements et comp\u00e9tions, pour aider les joueurs et les coachs \u00e0 progresser concr\u00e8tement.Derri\u00e8re le projet, une \u00e9quipe pluridisciplinaire qui m\u00e9lange expertise en communication, d\u00e9veloppement, IA et recherche scientifique. Notre \u00e9quipe [&hellip;]<\/p>\n","protected":false},"author":3,"featured_media":0,"parent":0,"menu_order":0,"comment_status":"closed","ping_status":"closed","template":"","meta":{"footnotes":""},"class_list":["post-306","page","type-page","status-publish","hentry"],"_links":{"self":[{"href":"https:\/\/dis.coach\/index.php?rest_route=\/wp\/v2\/pages\/306","targetHints":{"allow":["GET"]}}],"collection":[{"href":"https:\/\/dis.coach\/index.php?rest_route=\/wp\/v2\/pages"}],"about":[{"href":"https:\/\/dis.coach\/index.php?rest_route=\/wp\/v2\/types\/page"}],"author":[{"embeddable":true,"href":"https:\/\/dis.coach\/index.php?rest_route=\/wp\/v2\/users\/3"}],"replies":[{"embeddable":true,"href":"https:\/\/dis.coach\/index.php?rest_route=%2Fwp%2Fv2%2Fcomments&post=306"}],"version-history":[{"count":20,"href":"https:\/\/dis.coach\/index.php?rest_route=\/wp\/v2\/pages\/306\/revisions"}],"predecessor-version":[{"id":401,"href":"https:\/\/dis.coach\/index.php?rest_route=\/wp\/v2\/pages\/306\/revisions\/401"}],"wp:attachment":[{"href":"https:\/\/dis.coach\/index.php?rest_route=%2Fwp%2Fv2%2Fmedia&parent=306"}],"curies":[{"name":"wp","href":"https:\/\/api.w.org\/{rel}","templated":true}]}}