{"id":45,"date":"2025-06-02T10:57:29","date_gmt":"2025-06-02T08:57:29","guid":{"rendered":"https:\/\/dis.coach\/?page_id=45"},"modified":"2025-06-16T14:16:55","modified_gmt":"2025-06-16T12:16:55","slug":"tuto","status":"publish","type":"page","link":"https:\/\/dis.coach\/?page_id=45","title":{"rendered":"Le guide pour les coachs : utiliser l\u2019application"},"content":{"rendered":"\n<h1 class=\"wp-block-heading\">Le guide pour les coachs : utiliser l\u2019application<\/h1>\n\n\n\n<figure class=\"wp-block-embed is-type-video is-provider-youtube wp-block-embed-youtube wp-embed-aspect-16-9 wp-has-aspect-ratio\"><div class=\"wp-block-embed__wrapper\">\n<iframe loading=\"lazy\" title=\"Le guide pour les coachs : utiliser l\u2019application\" width=\"500\" height=\"281\" src=\"https:\/\/www.youtube.com\/embed\/7emkot927HM?feature=oembed\" frameborder=\"0\" allow=\"accelerometer; autoplay; clipboard-write; encrypted-media; gyroscope; picture-in-picture; web-share\" referrerpolicy=\"strict-origin-when-cross-origin\" allowfullscreen><\/iframe>\n<\/div><\/figure>\n\n\n\n<div style=\"height:11px\" aria-hidden=\"true\" class=\"wp-block-spacer\"><\/div>\n\n\n\n<div style=\"height:66px\" aria-hidden=\"true\" class=\"wp-block-spacer\"><\/div>\n\n\n\n<h1 class=\"wp-block-heading\">Le guide pour les joueurs : utiliser l\u2019application<\/h1>\n\n\n\n<figure class=\"wp-block-embed is-type-video is-provider-youtube wp-block-embed-youtube wp-embed-aspect-16-9 wp-has-aspect-ratio\"><div class=\"wp-block-embed__wrapper\">\n<iframe loading=\"lazy\" title=\"Le guide pour les joueurs : utiliser l\u2019application\" width=\"500\" height=\"281\" src=\"https:\/\/www.youtube.com\/embed\/xAtGTCaxGxs?feature=oembed\" frameborder=\"0\" allow=\"accelerometer; autoplay; clipboard-write; encrypted-media; gyroscope; picture-in-picture; web-share\" referrerpolicy=\"strict-origin-when-cross-origin\" allowfullscreen><\/iframe>\n<\/div><\/figure>\n\n\n\n<div style=\"height:11px\" aria-hidden=\"true\" class=\"wp-block-spacer\"><\/div>\n\n\n\n<h2 class=\"wp-block-heading\">Bonus<\/h2>\n\n\n\n<div data-wp-interactive=\"core\/file\" class=\"wp-block-file\"><object data-wp-bind--hidden=\"!state.hasPdfPreview\" hidden class=\"wp-block-file__embed\" data=\"https:\/\/dis.coach\/wp-content\/uploads\/2025\/06\/pdf-coach-3.pdf\" type=\"application\/pdf\" style=\"width:100%;height:745px\" aria-label=\"Contenu embarqu\u00e9 Bonus t\u00e9l\u00e9chargement app.\"><\/object><a id=\"wp-block-file--media-5cd15357-1221-425b-b686-4acac50831de\" href=\"https:\/\/dis.coach\/wp-content\/uploads\/2025\/06\/pdf-coach-3.pdf\">Bonus t\u00e9l\u00e9chargement app<\/a><a href=\"https:\/\/dis.coach\/wp-content\/uploads\/2025\/06\/pdf-coach-3.pdf\" class=\"wp-block-file__button wp-element-button\" download aria-describedby=\"wp-block-file--media-5cd15357-1221-425b-b686-4acac50831de\">T\u00e9l\u00e9charger<\/a><\/div>\n\n\n\n<p><\/p>\n","protected":false},"excerpt":{"rendered":"<p>Le guide pour les coachs : utiliser l\u2019application Le guide pour les joueurs : utiliser l\u2019application Bonus<\/p>\n","protected":false},"author":3,"featured_media":0,"parent":0,"menu_order":0,"comment_status":"closed","ping_status":"closed","template":"","meta":{"footnotes":""},"class_list":["post-45","page","type-page","status-publish","hentry"],"_links":{"self":[{"href":"https:\/\/dis.coach\/index.php?rest_route=\/wp\/v2\/pages\/45","targetHints":{"allow":["GET"]}}],"collection":[{"href":"https:\/\/dis.coach\/index.php?rest_route=\/wp\/v2\/pages"}],"about":[{"href":"https:\/\/dis.coach\/index.php?rest_route=\/wp\/v2\/types\/page"}],"author":[{"embeddable":true,"href":"https:\/\/dis.coach\/index.php?rest_route=\/wp\/v2\/users\/3"}],"replies":[{"embeddable":true,"href":"https:\/\/dis.coach\/index.php?rest_route=%2Fwp%2Fv2%2Fcomments&post=45"}],"version-history":[{"count":21,"href":"https:\/\/dis.coach\/index.php?rest_route=\/wp\/v2\/pages\/45\/revisions"}],"predecessor-version":[{"id":305,"href":"https:\/\/dis.coach\/index.php?rest_route=\/wp\/v2\/pages\/45\/revisions\/305"}],"wp:attachment":[{"href":"https:\/\/dis.coach\/index.php?rest_route=%2Fwp%2Fv2%2Fmedia&parent=45"}],"curies":[{"name":"wp","href":"https:\/\/api.w.org\/{rel}","templated":true}]}}